Give p(a).
5
Suppose -g = -2*g. Let r(h) = g + 2*h**2 - h**2 + h + 0. Give r(2).
6
Let p = 2 - 0. Let q(j) = -8*j**p + 6 + 7*j**2 - 5. Let o(m) = -m**3 - 2*m**2 + 5. Let a(w) = o(w) - 4*q(w). Calculate a(3).
-8
Let j = 64 + -64. Let l(y) = -y**2 - y + 7. Determine l(j).
7
Let y(d) = -d**3 + 2*d**2 - 2*d + 2. Let v = 7 + -17. Let p be 4/(-5)*v/4. Calculate y(p).
-2
Let c(s) = s**3 + 5*s**2 + 5. Suppose -2 = -2*q + 4*q. Let d be (q + 1)/((-8)/4). Suppose 3*a + 10 + 5 = d. Calculate c(a).
5
Let c be (4/(-10))/(6/270). Let g = 17 + c. Let u(l) = 12*l**2 - 1. Determine u(g).
11
Let w(n) = -n - 1. Let u be w(0). Let i(c) = -1 + 4*c - 4*c - 7*c**2. What is i(u)?
-8
Let q(n) = -3*n - 1. Let i(d) = -2*d - 6. Let b be i(-4). Let p be b/(4/(-6)) - -1. Determine q(p).
5
Suppose 0*d = 2*d - f + 6, -5*d = 5*f + 45. Let b(a) = -a**3 - 4*a**2 + 6*a + 6. What is b(d)?
1
Let z(v) = v + 1. Let f be (20 + -22)/((-4)/(-10)). What is z(f)?
-4
Let z(d) = d - 4. Let p be z(6). Let k(g) = -p - g**2 - g - 2 + 0*g. Suppose 0 = -4*y + y. What is k(y)?
-4
Let p(a) be the second derivative of a**5/20 + 5*a**4/12 + a**2/2 + 6*a + 2. Determine p(-5).
1
Let j(d) = d**2 - 7*d + 6. Let a be 21*(-2 - -6)/12. Calculate j(a).
6
Let z(b) = 7*b**2 - 2*b + 7. Let f(x) = -13*x**2 + 4*x - 13. Let d(y) = -6*f(y) - 11*z(y). Suppose 2*r - 7 - 4 = g, -r + 2*g = -10. Determine d(r).
9
Let c(o) be the third derivative of -o**5/60 - o**4/4 - 5*o**3/6 - 38*o**2. Calculate c(-6).
-5
Let o = -3 - 0. Let a(c) = c + 5. Let v be a(o). Let f(d) = -9 + 8 - 2*d**2 + v*d + d**2. What is f(1)?
0
Let a(j) = -j**3 + 4*j + 2*j**2 - 6*j - 4 + 3 + 4*j. Determine a(2).
3
Let y(b) = -b - 2. Let m = 16 + -11. Let c = 1 + -9. Let f = c + m. Determine y(f).
1
Suppose -3*q = 2*u - 19 + 7, -21 = -3*q - 5*u. Let t = q + 0. Let x(g) = g**3 + g - g**2 - g**2 - t*g**2 - 5. Give x(4).
-1
Suppose 19*u - 35 = 41. Let o(w) = -w + 1. Let h(v) = 5*v - 6. Let b(q) = 2*h(q) + 11*o(q). Give b(u).
-5
Suppose 3*f + 5*j - 4 + 8 = 0, -5*j = 2*f + 6. Let b(o) = -o**3 + o**2 + 3*o - 2. Give b(f).
0
Let p(y) = -6*y - 4. Let k be p(-3). Suppose 4*w - k = 38. Let c(j) = 11*j**2 - 4 - 9*j - w*j**2 + 2*j. What is c(-4)?
-8
Let t(n) = -n**3 - 4*n**2 - 4*n - 2. Let z be -3 - (4 - 4)/4. Calculate t(z).
1
Let c(g) be the second derivative of -3*g**5/10 + g**3/3 + g**2/2 - 8*g. Calculate c(-1).
5
Let r(f) = -f**3 + 5*f**2 + 6*f + 1. Let l = -8 - -14. Give r(l).
1
Let z(j) = 2*j**2 - 9*j + 1. Let y(d) = 3*d**2 - 11*d + 1. Let h(i) = -3*y(i) + 4*z(i). Give h(4).
-27
Suppose 0 = 2*r + 2*t - 4, -3*r + 3*t + 29 = r. Suppose 2*v - 14 + 8 = 0. Suppose -r = -v*m + 2*m. Let n(u) = u**3 - 5*u**2 + u + 3. Determine n(m).
8
Let s(v) = -8*v**2 + v + 3. Let y(n) = -n**2 + n + 1. Let h(o) = s(o) - 5*y(o). Let i be 2/(-2) - (-3 - 6). Suppose -4*z = 0, z - 2*z = 4*b + i. Give h(b).
-6
Let o(z) be the first derivative of 5*z - 1/3*z**3 - 2*z**2 + 1. Give o(-4).
5
Suppose 4*l = 1 + 7. Suppose -2*u = -4*u - 14. Let b(g) = -g + 3. Let m(p) = -3*p + 8. Let z(d) = l*m(d) + u*b(d). Calculate z(5).
0
Let r(n) = n + 2. Suppose 3*d - z = 4 + 1, -3*z = 4*d - 11. Suppose -2*i = -o - i - d, 3*i = -5*o + 30. What is r(o)?
5
Let s(q) = q + 3. Let d be s(-1). Let c(u) = -2*u + 2. Calculate c(d).
-2
Let n(t) be the second derivative of 13*t**4/12 + t**3/3 + t**2/2 + 8*t. Calculate n(-1).
12
Let t(b) = 3*b**2 + 2*b - 2. Let r be (15/(-10))/(9/12). What is t(r)?
6
Let q(k) = k**2 - 2*k - 2. Let m be q(3). Let h(j) = -4*j**2 + 2*j - 2. Let a be h(1). Let t = a + m. Let z(f) = f**3 + 2*f**2 - f + 3. What is z(t)?
-3
Suppose -2*y = -6 - 6. Suppose -4*r = -y*r - 2*s, -4*s = 2*r. Let d(f) = -f - 18 + 10*f**2 - 11*f**2 + 6. Give d(r).
-12
Let g(x) = -x**2 + 6*x - 7. Suppose f + 3*f = -5*o + 5, 5*o = 2*f + 35. Determine g(o).
-2
Let l(k) be the third derivative of k**8/6720 + k**7/2520 + k**6/720 - k**5/120 + k**4/12 - k**2. Let f(w) be the second derivative of l(w). What is f(0)?
-1
Let l = 3 + 5. Let z = 0 - l. Let p = z - -5. Let u(k) = -k**2 - 2*k. Give u(p).
-3
Suppose 2*r - 2 + 14 = 2*m, 0 = 5*m - 4*r - 27. Let j(f) be the first derivative of 2 - 1/3*f**m + 5/2*f**2 - 2*f. Calculate j(5).
-2
Let m(z) be the third derivative of z**6/120 - z**5/12 + z**4/6 + z**3/6 - 2*z**2. Let o be 2 + (-4 - 2) - 0. Let c(r) = -r - 1. Let g be c(o). Calculate m(g).
-5
Let i(k) = -4*k**2 + 2 - 9*k + 3*k**2 + 8*k + 8*k. Let q be i(6). Let n = q - 3. Let a(b) = -2*b + 4. Determine a(n).
-6
Let j(b) = -b**2 + 4*b**3 - 2*b**3 + 0*b**2 - 3*b - 60 + 63. Calculate j(2).
9
Let g(k) = -k + 5. Let d = 1 - 23. Let u = 39 + d. Suppose -5*a + w = -11, a - 2*w = 3*w - u. Calculate g(a).
2
Suppose 0 = 3*k + 9, 0*s - 4*s = 4*k + 24. Let o = 8 - 6. Let x(y) = -4*y**2 - 3 + 0 + y**3 - 2*y + 7*y**o. What is x(s)?
3
Let g(r) be the second derivative of r**5/20 + 5*r**4/12 + r**3/3 + r**2 - 2*r. Determine g(-5).
-8
Let s(v) = -v**3 - v**2 - v + 1. Let j = 1 + -6. Let d(f) = f**2 + 6*f + 4. Let q be d(j). Let r be 0*-3*q/6. Give s(r).
1
Let w(s) be the third derivative of s**8/3360 - s**6/720 + s**5/60 - s**2. Let v(r) be the third derivative of w(r). Let t be 33/11 - (1 - -1). Calculate v(t).
5
Let j = -14 + 9. Let g be 5/(j/4)*1. Let h(x) = -x - 3. Determine h(g).
1
Let p(k) = -2*k - 15. Let d(r) = -r - 8. Let h(l) = 11*d(l) - 6*p(l). What is h(-3)?
-1
Let x(r) be the third derivative of r**5/60 - r**4/24 + 2*r**3 - 11*r**2. What is x(0)?
12
Suppose -10 = 5*v + 20. Let g = 50 + v. Suppose -m - 3*m - g = 5*q, 3*m = 3*q - 6. Let c(r) = r**3 + 5*r**2 - 7*r - 4. Calculate c(m).
2
Let b(z) = z**3 + 269 + 0*z - 6*z**2 - 264 + 7*z + 14*z**2. What is b(-7)?
5
Let z be 1/(3*(-1)/(-9)). Let h(w) = 2*w - 4 + 0*w**z - 4*w**2 + 3*w - w**3. Let q = -8 - -3. What is h(q)?
-4
Let z(a) = -5*a + 1. Suppose -2*q = -14 - 0. Suppose 0 = -2*p + q*p + 5. What is z(p)?
6
Suppose -2*t = -12 + 10. Let h(b) = 3*b - 1. Determine h(t).
2
Let t(r) be the first derivative of -3 - 1/2*r**4 - 3*r - 4/3*r**3 - 2*r**2. Let a = -1 - 1. Give t(a).
5
Let u be (-3)/(3/2)*(-5)/(-2). Let g(y) = y**3 + 4*y**2 - 8*y - 4. Calculate g(u).
11
Suppose -2*o - 5*u = 3, -4*o - o - 2*u + 24 = 0. Suppose -4*z - 12 = -o*z. Let s(p) = -p**3 + 5*p**2 + 6*p + 4. Determine s(z).
4
Let u(o) = 3*o. Let f be u(1). Let r(d) = -d + 1. Let j(q) = 13*q - 5. Let b(i) = -i. Let p(v) = -18*b(v) - 2*j(v). Let h(n) = p(n) - 6*r(n). Determine h(f).
-2
Let c(j) = -5*j**3 + j**2 - j + 1. Let t(p) = p**2 - 12*p - 12. Let i be t(13). Let s be c(i). Let h(q) = -3 - 4*q + 1 - q - q**2. Calculate h(s).
2
Let c(s) = s**3 - 2*s**2 + 4*s + 5. Let y(k) = -2*k**2 + 1. Let o(n) = -c(n) + 3*y(n). Let l be (-6 - -2)/2 + -6. Let b = l + 6. What is o(b)?
-2
Let b(y) be the first derivative of y**3/3 - y + 44. Give b(1).
0
Let p(t) = 3 + t - 5*t**2 + 4*t**2 + 7. Calculate p(0).
10
Suppose -2*a = -2 - 6. Let z(r) = -r**2 + 6*r. Let k be z(5). Let i(p) = -3 + 5*p + p + k - p**2. What is i(a)?
10
Let h(s) = -4*s + 6. Let w(r) = r - 2. Let u(c) = 2*h(c) + 7*w(c). Let o = -7 - -13. Determine u(o).
-8
Let c(p) be the second derivative of 1/2*p**3 + 0 - 3*p**2 + p. Suppose -4*g + 26 = 5*d, -4*d = -5*g - 0 + 12. Give c(g).
6
Let f(n) = n - 1. Let m be f(9). Suppose 4*r + 6 = -4*g + 14, 0 = -4*r - 2*g + m. Let x(u) = -1 - 10*u + 9*u + 2*u**2 - u**r + 5*u**3. Determine x(-1).
-4
Suppose 0 = 5*m - 16 - 44. Suppose -3*a - m = a. Let g(h) = -h**2 + 1. What is g(a)?
-8
Let y(q) = -q + 7. Let g = -2 - -1. Let t = 1 + g. Suppose -4*w + 2*w = t. Calculate y(w).
7
Let y = 75 + -17. Let i be y/14 + (-3)/21. Let g(k) = -2*k + 6. Calculate g(i).
-2
Let d(l) = l**2 + 7*l + 9. Let m = -3 + -3. Calculate d(m).
3
Let w be -1*(1 - -3)*1. Let q(z) = z**3 + 9*z**2 + 7*z. Let k be q(-8). Let f(s) = 2 + k*s + 3 + s + s**2 - 2*s. Determine f(w).
-7
Let n(s) = -2*s + 12. Let c be n(-9). Suppose 4*h = h + c. Let f(q) = 1 + q**2 + 2 - h*q + 3*q + 2. Calculate f(5).
-5
Let q(u) = -u**3 + u**2 - 2*u + 6. Let v(h) = -2*h**3 + h**2 - 5*h + 13. Let l(a) = -5*q(a) + 2*v(a). Give l(3).
-4
Suppose 24 = -5*m + 3*o, 0*m - 3*m + 5*o - 24 = 0. Let q(p) = -p**2 + 3. What is q(m)?
-6
Let x = -11 + 8. Let m(q) = -q**3 - 4*q**2 - 4. Give m(x).
-13
Let c(h) be the third derivative of h**4/4 + h**3/3 - h**2. Let v(n) = -5*n - 3. Let k(i) = 3*c(i) + 